13
Suppose -2*s - 4*m - 32 = 0, -113*m + 16 = -s - 112*m. Let j(a) = a**3 + 14*a**2 - 34*a - 31. Determine j(s).
1
Let s(f) be the first derivative of -f**3/3 - 9*f**2/2 - 3*f + 10221. Let g(r) = -r**2 + 3*r. Suppose w - 6 = -m, w + 15 = 5*m - 9. Let d be g(m). What is s(d)?
-13
Let k(t) = -58*t**3 - 4*t**2 + 21*t - 4. Let x(y) = -21*y**3 - y**2 + 8*y - 2. Let q(o) = 4*k(o) - 11*x(o). Give q(-4).
6
Let r(l) = l**3 + 18*l**2 + l + 22. Let m be r(-18). Suppose -3 = -3*i - 3*p - 27, 4*p - 16 = m*i. Let z(h) = -h**3 - 5*h**2 + 7*h + 6. What is z(i)?
0
Let s(w) = -w**2 - 7*w + 3. Let z be s(-7). Suppose -48 = -q - z*q. Let r(j) = 123*j - 54*j - j**2 - 7 - 57*j. Give r(q).
-7
Let u(c) = -4*c**3 - 3 - 3*c + 11*c**2 - 1 + 5*c**3 - 17*c**2. Let l(n) = -167*n - 328. Let y be l(-2). Calculate u(y).
-22
Let w(y) = 5*y. Suppose -10 = -5*k - 5, -3*z + 3*k + 270 = 0. Suppose -8*v - z = 53. Let h = 20 + v. Give w(h).
10
Let k(q) = -1 + 3*q - 6*q + 4*q. Let u(f) = 2*f**2 + 149*f + 503. Let w be u(-71). What is k(w)?
5
Let k = -602 + 598. Let v be -5 - 252/(-90)*10/k. Let y(a) = -a**3 - 11*a**2 + 13*a + 16. Give y(v).
4
Let w(b) = -2*b**2 + 56*b - 54. Let r(a) = 17*a + 1030. Let z be r(-59). What is w(z)?
0
Let i(a) = -2*a**2 - 24*a - 22. Suppose 5*x + 40 = 3*p, 58*x - 4*p = 61*x + 53. Give i(x).
0
Let g(u) = -16 - 15 + u - 13 - 30 + 11. Give g(22).
-41
Let c(i) = 5 + 18*i - 38*i + 17*i + 4*i. Give c(9).
14
Let v(z) = z**2 - 7*z + 6. Let p = 1707 - 1699. Let m(w) = 4*w + 1. Let r be m(6). Suppose -p*h + r = -3*h. What is v(h)?
-4
Let m(p) = -11*p**3 - 6*p**2 + 6*p - 5. Let t be m(3). Let j = t - -328. Let a(w) = 2*w + 18. Give a(j).
-2
Suppose 84 - 12 = 9*w. Suppose 9*i = 8*i + w. Let u(k) = -i*k + 2*k - 3 + 0. Determine u(-3).
15
Let j be (2/7)/(((-9)/7)/(-9)). Let z(y) = -j*y**3 + 3*y**3 - 2*y**3 + 1201 - 1203 + 2*y. Calculate z(-3).
19
Let i(j) = -5*j**2 - 72*j + 68. Let l(q) = -16*q**2 - 225*q + 206. Let d(h) = -19*i(h) + 6*l(h). Determine d(10).
24
Suppose -35*b = -65*b - 113 - 97. Let s(z) = z - 1. Let l(a) = -a + 4. Let o(p) = l(p) + 2*s(p). Calculate o(b).
-5
Let b(v) = v**2 - 8*v + 7. Let q(z) = z**2 + 31*z - 24. Let s be q(-32). Calculate b(s).
7
Let y(g) = -g**2 + 5*g - 9. Let v be y(7). Let p = v - -25. Let k(j) = 2 + 0*j**2 + 2*j**2 - j**3 - 6*j**2 - j + j**p. Determine k(-3).
5
Let o = -11600 + 11603. Let q(w) = w**3 - 5*w**2 + 4*w + 9. What is q(o)?
3
Let o(g) = -3*g + 14*g**2 + 2 + 8*g**3 + 11*g - 9*g**2 - 2*g**3 - 2*g. What is o(-2)?
-38
Let u(n) = 23*n. Let b(l) = l + 3. Let v(h) = 3*b(h) - u(h). Let z(i) = 17*i - 8. Let j(x) = 5*v(x) + 6*z(x). Give j(-6).
-15
Let y be (92/115)/((-2)/(-15)). Let u(v) = -4*v + 8*v + 4*v - y*v + 13. Give u(-9).
-5
Let z = -5 + 14. Let v(j) = -z*j**3 - 11*j**3 + 4*j**3 - j**3. Let y(c) = c**3 + 39*c**2 - 43*c - 121. Let q be y(-40). Determine v(q).
17
Let y(s) = -4*s**2 - 9*s + 23. Suppose -3*d - 4*z + 37 = 0, -5*d - 18*z + 13*z = -50. Calculate y(d).
-40
Let f(b) = 7*b**3 - b**2 - b - 1. Let p be 51/((-3)/3) + 1. Let n = 138 + p. Let w be (2/8)/((-22)/n). Give f(w).
-8
Let u be 13 - 3 - 3/(-3). Let s = 13 - u. Suppose 3*n + 2 = c, c - 2*n = -3*c - s. Let f(a) = 9*a**2 - 2*a - 1. Give f(c).
10
Let a(x) = 2*x**2 - 7*x + 367. Let p(j) = -j**2 + 3*j - 183. Let l(u) = -3*a(u) - 7*p(u). Let k(i) be the first derivative of l(i). Give k(6).
12
Let o(n) = 21*n**2 - 13 - n**3 - 7*n**2 - 13*n + 5. Let p(w) = 2*w**2 + 139*w + 412. Let d be p(-3). What is o(d)?
-8
Let v(a) = -2*a + 2. Let l(r) = 3*r - 1. Let k(i) = -l(i) - 5*v(i). Let m(b) = b - 2. Let s(h) = -2*k(h) + 9*m(h). Determine s(-3).
15
Suppose z + 0*z = 2*v, -5*v - 1 = -3*z. Let r(o) = -o**3 + 5*o**3 + z*o**2 - 3*o**2. Let w be r(1). Let h(j) = j**3 - 4*j**2 + 1. Calculate h(w).
-8
Let p(c) = -c**3 + 7*c**2 - 8*c + 7. Suppose -5*b + 3*t + 54 = 0, 3*t = -3*b - 8 + 50. Let i be (48/44)/(b/66). Give p(i).
-5
Suppose 36 = -0*v + 4*v - 4*m, 0 = -2*v - 5*m - 10. Suppose v*x + 818 = 823. Let t(a) = -11*a**2 + a - 1. What is t(x)?
-11
Let m(j) = 2*j**2 - j + 4. Let p(o) = -o**2 + 1. Let a(k) = -m(k) + 3*p(k). Suppose 5*b - 4*d + 106 = -d, 32 = -b - 3*d. Let c = -22 - b. Give a(c).
-5
Suppose 2 = -2*w, -3*i + 5*i - w = 5. Suppose -5*c - 32 = i*u, c - 2*c - 4*u = 10. Let y(n) = -n**3 - 7*n**2 - 7*n + 2. Determine y(c).
8
Let w(a) = -a**3 - 6*a**2 + 7*a - 7. Let t(z) = 2*z + 11. Let l be t(-5). Suppose -2*m = 4*c + 22, 2*m + 3*m = -2*c + l. Determine w(c).
-7
Let v(p) be the third derivative of p**4/4 - 9*p**3/2 - p**2 - 39*p - 1. Give v(-9).
-81
Let y(p) = p**3 - 6*p**2 - 8*p - 4. Suppose -6*l = -9*l + 1311. Suppose l*b = 429*b + 56. Give y(b).
-11
Let b(o) = o**3 + 6*o**2 - 55*o + 4. Suppose 4*w - 4*n + 5 = -23, -4*n - 16 = 0. Give b(w).
4
Let u(m) = -2*m**2 + 22*m - 17. Let s be u(12). Let z = -47 - s. Let d(n) = 4*n - 16. Let l(g) = g - 5. Let r(h) = 2*d(h) - 7*l(h). Calculate r(z).
-3
Let k(g) = 6*g**3 + 47*g**2 + 27*g + 22. Let f(v) = 2*v**3 + 23*v**2 + 13*v + 12. Let s(i) = -5*f(i) + 2*k(i). Determine s(11).
-16
Let m(c) = -158 + 2*c**2 + 158 - 2*c**3 + c. Let o(w) = -w**2 - 13*w - 1. Suppose 2*k = -8*k - 130. Let h be o(k). Determine m(h).
3
Let v(i) be the third derivative of 7/6*i**3 + 0*i - 1/4*i**4 - 32*i**2 + 0. Let x(s) = -7*s + 8. Let p(w) = 6*v(w) - 5*x(w). Give p(0).
2
Let a(z) be the third derivative of -z**6/720 - z**5/40 + 25*z**4/12 - 11*z**2. Let c(p) be the second derivative of a(p). Let d = -18 + 25. What is c(d)?
-10
Let r be (-2)/9 - (-4)/18. Suppose -4*l + 12 = -r*l. Let s(p) = -1546 + 5*p - 6*p + 1553. Determine s(l).
4
Let m be 6/((-18)/(-529)) - (-2)/(-6). Let d be (-10)/(-50) - m/(-20). Let q(s) = s**2 - 8*s + 3. Give q(d).
12
Let v = 527 - 544. Let a(s) = -s**2 - 20*s - 10. Determine a(v).
41
Let c(v) be the second derivative of -v**4/4 + 22*v**3/3 + 7*v**2 - 2*v + 378. Calculate c(15).
-1
Let d(w) = -2*w + 2. Let z be d(0). Suppose -60 = -4*j + 3*f, 14 + z = j - f. Let o(m) = m**2 - m - 12 + m**2 + j. What is o(1)?
1
Let f(z) = -10*z - 120605 + 60296 + 60302. What is f(-5)?
43
Let b be 8/3*((-6)/((-144)/156) - 8). Let n(a) = -12*a - 47. Give n(b).
1
Let o(h) = 211*h**2 - 5*h + 1 - 108*h**2 + h - 104*h**2. Let m = 2 - 0. Suppose m*r + 15 = -3*r. Calculate o(r).
4
Let b(u) = -27 + 16 + 2*u**2 - u**2 + 12*u + 7 + 30. What is b(-5)?
-9
Let w be (330/(-88)*16/(-5))/(2/1). Let d(h) = -2*h + 18. Determine d(w).
6
Let c(y) = -y**2 + 17*y - 30. Suppose -2*t + 5*b + 25 = 0, -153*b = -t - 149*b + 11. Calculate c(t).
0
Let o be 28 + (-3 - -1) + -6. Let g = o + -22. Let t(k) = k**3 - 4*k. Calculate t(g).
0
Let z(o) = -20*o + 8. Let c be z(-4). Let k = c + -11. Let m = k - 81. Let h(d) = -d**2 - 1. Give h(m).
-17
Suppose 23 = 4*p - 5*s, 0 = 4*p - 4*s + 28 - 48. Let x(o) be the first derivative of 7 + 14*o - 1/4*o**4 - 1/3*o**3 + 1/2*o**p. Calculate x(0).
14
Let l(p) = -p + 5. Let j = 189 - 144. Let h be 4 - (-1)/((-5)/j). Calculate l(h).
10
Let l(q) = -6*q + 231. Let d be ((-304)/(-64))/(1/8). What is l(d)?
3
Let o = 1318 - 1314. Let l(c) = -11 + 8*c - 6*c + c + 2*c - o*c. Suppose 15 = 5*r - 25. Give l(r).
-3
Let u be 8/(-12)*12/8. Let i(a) = 13*a + 10. Calculate i(u).
-3
Let m(n) = 902101 + n**3 - 902193 - 52*n**2 + 6*n**3 + 53*n - 5*n**3 - n**3. What is m(51)?
10
Let l(m) = 6*m + 0 + 0. Let k be 6/((-7)/(-7)) + -5. Suppose -k = 4*r - 8*r - 5*p, -1 = -p. Calculate l(r).
-6
Let p = -3 + 5. Let w(m) = 0*m**2 + 8*m**p - 7*m**2 - 1 - 4*m. Let i be ((-4)/(-7))/(36/126). What is w(i)?
-5
Let j(h) = -216*h + 3455. Let u be j(16). Let p(b) = 34*b**3 - b**2 - 2*b - 2. Give p(u).
-35
Let y(a) = 2*a - 8. Let q be y(5). Let j(r) = -8*r + 21*r**2 - 9*r**q + 11 - 13*r**2. Calculate j(-9).
2
Let i(j) = j**2 + 23*j + 49. Let y(p) = -p**2 - 121*p - 2810. Let f be y(-90). Give i(f).
-11
Let c(g) = g - 2*g**3 - 51828 + 51828 - 2*g**2 + 4*g**3 + 5*g**3. Suppose j - 4*h - 15 = -0*h, -3*h = -5*j + 24. Let l = -2 + j. Determine c(l).
6
Let a(v) = v**3 - 7*v**2 + 8*v - 3. Let t(m) = 8*m - 84. Let c be t(12). Suppose 5*h - 12 = -2*f, -5*f + 5*h + c = -3*f. What is a(f)?
9
Let r = 149 - 147. Let i be 2/(3*r/15). Let s(p) = -4*p + 25. Calculate s(i).
5
Let j(d) = 4*d + 1. Suppose 3 = -h + 2*y + 1, -h - 5*y + 12 = 0. Suppose -h*b + 20 = 5*c, -c - 2*b = 6 - 2. What is j(c)?
25
L